+ 2*h - 45, 0 = -2*m - 2*h + 30. What is u(m)?
-8
Let t(u) be the third derivative of -u**6/120 - 2*u**5/15 - 3*u**4/8 - u**3/2 - 689*u**2. Let o = -65 - -59. Give t(o).
-21
Suppose -5*x + 3*c = -24, 2*x - 15 + 3 = 2*c. Suppose 1 = -2*b - 3*t, 8*b - x*t = 5*b + 21. Let y(h) = 4*h - 1. Determine y(b).
15
Let s(b) = b**2 + 7*b - 39. Let k be s(4). Let j(o) = 3 + 4*o - 9*o - o**2 - 1 - k. What is j(-3)?
3
Let y(a) = -10*a - 166. Let u(n) = -170*n - 1546. Let x be u(-9). Calculate y(x).
-6
Let m = 23398 + -23389. Let y(p) = -8*p - 13. Give y(m).
-85
Let h(r) = -r - 124. Let b(i) = 2*i - 18. Let g(u) = -6*b(u) + h(u). Calculate g(-2).
10
Let x(j) = -3*j**2 - 5*j. Let t(s) = -5*s**2 - 9*s + 1. Let z(q) = -4*t(q) + 7*x(q). Determine z(0).
-4
Suppose 4*a - 9 = -1. Let m(o) = o - 38*o**2 + 37*o**a - 1 + 2. Give m(0).
1
Let d(x) be the third derivative of 0*x - 1/6*x**4 - 58*x**2 - 1/120*x**6 - 1/6*x**3 - 1/20*x**5 + 0. What is d(-3)?
11
Suppose 60*k = -127 + 7. Let g(i) = -36*i - 9. Determine g(k).
63
Suppose 46*c = -96 + 4. Let x(b) = -2*b**2 - 19*b - 33. Give x(c).
-3
Let t(o) = o**3 + 3*o**2 - 8*o - 4. Let f = 7495 - 7499. Calculate t(f).
12
Suppose -8*q + 3*q + 740 = 0. Suppose -16*a + q = -12*a. Let k(c) = c + a + 0*c - 36. Give k(0).
1
Let l(y) = -y**3 - 8*y**2 + 2*y + 9. Suppose -16 = 4*t, -a - 4*t - 16 - 10 = 0. Let x = 62 + -60. Let k = x + a. What is l(k)?
-7
Let i(p) = 6*p + 47. Let l = -352 + 342. Give i(l).
-13
Let s(h) = -19*h - 2. Suppose 871 = 45*z + 916. Calculate s(z).
17
Let b(d) = 2*d + 3. Let g(y) = 3*y**2 + 23*y - 12. Let o be -8 + (1 - 3)/1. Let n be g(o). Let x = 50 - n. What is b(x)?
-13
Let o = -107 - -112. Let g(i) be the third derivative of -i**5/120 + i**4/6 + 6*i**3 - 33*i**2. Let m(p) be the first derivative of g(p). Calculate m(o).
-1
Let a(c) = -2*c + 2. Suppose 5*t - 10 = 0, 3*t + 3 = -2*l + 5*l. Suppose b - 5*h + 15 = 0, -5*h + l = -4*h. What is a(b)?
2
Let j(k) = k - 10. Let i be (-4)/(-22) - (-656)/22. Suppose -549*r - 9 = -550*r. Suppose -3*l - r + i = 0. Calculate j(l).
-3
Let r(g) = g - 3. Suppose 0 = -8*v + 354 + 990. Let a = -165 + v. What is r(a)?
0
Let g be (4/6)/(2/3). Let p(b) = g - 5 - 1 + 2*b. Suppose 0 = 26*s + 110*s + 43*s - 716. What is p(s)?
3
Suppose 952 = -13*o + 20*o. Suppose 0 = -127*c + o*c + 117. Let n(q) = q**2 + 14*q + 7. Give n(c).
-6
Suppose 99*i - 140 = 73*i + 16. Let v(b) = -b**2 - 4*b + 17. What is v(i)?
-43
Suppose -2*d = 2*o + 98, -73*d = -76*d - 5*o - 151. Let h(j) = -2*j - 88. Calculate h(d).
6
Let c(u) = -u**2 - u - 8. Let t(q) = 4*q**2 - 9*q + 47. Let d(l) = 5*c(l) + t(l). Determine d(-15).
-8
Let u = 16 - 15. Let m(d) be the second derivative of -3*d**3/2 + 5758*d. Give m(u).
-9
Let y(m) = m**3 - 6*m**2 + 8*m + 2. Let g(n) be the first derivative of -n**3/3 + 5*n**2 + 43*n + 67. Let w be g(13). Determine y(w).
2
Let v(t) = -4*t**2 + 30*t - 29. Let z be v(6). Suppose 12*l - 5*l = z. Let q(i) = 14*i**3 - 2*i + 1. Determine q(l).
13
Let o(k) be the first derivative of -k**4/12 - 4*k**3/3 + 7*k**2/2 + 21*k - 36. Let d(s) be the first derivative of o(s). Give d(-9).
-2
Let j(n) be the third derivative of 7*n**5/30 + n**4/24 + n**3/3 - 593*n**2. Calculate j(-1).
15
Let a(x) = x**3 + 2*x**2 - 4*x + 5. Let t be a(0). Let m(z) be the second derivative of -z**4/12 + z**3 + z**2/2 - 63*z. Determine m(t).
6
Let v be -3*(-8)/21*(143/(-26) + 9). Let l(k) = k**3 - 4*k**2 - 10. Determine l(v).
-10
Suppose 45 = -7*o + 94*g - 99*g, -18 = 5*o + 2*g. Let b(k) = 28 - 15 - 2*k + 3*k + 38. Determine b(o).
51
Let m(a) be the first derivative of -26*a**2 + 148*a + 2676. What is m(3)?
-8
Let i(w) = -2*w - 40. Let o(t) = 2*t + 51. Let m(h) = 4*i(h) + 3*o(h). Let x be (-1 + 6)*(-12)/15. Determine m(x).
1
Suppose 0 = -5*z + 18 + 7. Let f(w) = -2*w**2 - 4*w + 7. Let a(l) = 3*l**2 + 4*l - 8. Let y be ((-2)/(-4))/(5/30). Let x(b) = y*a(b) + 4*f(b). What is x(z)?
9
Let l = -57 + 61. Let y(x) = -2 - 5*x + l + 0 + 2. Give y(-5).
29
Let u(j) be the second derivative of 0 + 1/4*j**4 + 1/2*j**3 - 1/20*j**5 - 9*j + 1/2*j**2. Give u(-2).
15
Suppose -4*l = 2*o - 398, -5*l + 298 = -2*l + 2*o. Suppose 4*i - l = -0*i. Let b be 10/(-8) + (-2 - i/(-20)). Let g(z) = -z - 2. Give g(b).
0
Let h(t) = 211*t**2 - 31*t - 29. Let u(m) = 53*m**2 - 2*m - 1. Let l(p) = -h(p) + 4*u(p). Determine l(-16).
-87
Let r(t) = t + 9. Suppose -173 = -5*u + 57. Suppose -6*a = -26 - u. Let v be (2/4)/(2/a) + -3. What is r(v)?
9
Let b(h) be the first derivative of -h**4/24 - 3*h**3/2 - 41*h**2/2 - 2*h - 243. Let t(n) be the second derivative of b(n). Give t(-6).
-3
Let k(v) = 0 - 1 - 3 - 3 - 7*v**2 + 448*v - 452*v. Let w(i) = 20*i**2 + 13*i + 23. Let m(g) = -17*k(g) - 6*w(g). Give m(-7).
2
Let g = -22 - -25. Let d(h) = 11*h + 3*h**2 + 19*h**g - 13*h**3 + h**2 - 6. Let q(l) = -l**3 + l**2 - l - 1. Let t(r) = d(r) + 5*q(r). Calculate t(-8).
5
Let a(h) = -2*h**3 + 9*h**2 - h + 9. Let d(g) = -3*g**3 + 10*g**2 - g + 8. Let r(m) = 4*a(m) - 3*d(m). Calculate r(-7).
-30
Let x(w) = 0 + 2 - 8778*w + 8783*w. Let j = -102 - -105. What is x(j)?
17
Let v(r) = 11 + 12209376*r + 0 - 12209372*r. Suppose -g - 5 = 5*f + 4, 3*g = f - 27. What is v(g)?
-25
Let v(m) be the first derivative of -m**3/2 - 5*m**2/2 - 96*m + 82. Let q(p) be the first derivative of v(p). Determine q(-5).
10
Let i(v) = v**3 - 10*v**2 - 24*v - 7. Let p = -3179 - -3191. Give i(p).
-7
Let s(u) = -4*u + 12. Suppose -33*d - 10*d + 344 = 0. Let g be d - (-8 + (14 - 4)). Calculate s(g).
-12
Let m(t) = 87*t + 2525. Let z be m(-29). Let g be (3 - 0)*(-10)/(-3). Suppose -z*r = -g*r + 32. Let o(x) = 2*x + 2. What is o(r)?
10
Let t(w) be the second derivative of w**5/20 + 11*w**4/12 + 5*w**2 - 32*w. Let v(m) = -m**2 - m + 1. Let r(j) = -t(j) - v(j). Determine r(-10).
-21
Let a(y) = y**2 - 18*y - 31. Suppose -4*b = 19*l - 24*l - 65, -5*b + 112 = 4*l. Calculate a(b).
9
Let c(o) = -o**3 - 44*o**2 - 5*o - 213. Let n be c(-44). Suppose -n*b + 27 = -16*b. Let t(w) = -w**3 - 5*w**2 - 3*w + 3. Calculate t(b).
-6
Let j(r) = -3*r**2 + 24*r - 22. Let o be j(5). Let i(s) = s**3 - 14*s**2 + o*s**2 + 9*s - 10*s - 8*s**2 - 40. Calculate i(0).
-40
Let y(z) be the second derivative of 9 - 5/6*z**3 - z**2 + z + 1/12*z**4. Determine y(6).
4
Let y be (-1)/(-2) + (-2583)/(-18). Suppose 108 + y = 4*i. Let n(c) = i*c**3 - 2 - 64*c**3 + c + 3 + 2*c**2. Determine n(2).
3
Let o(p) = 12*p + 8*p + 300 - 19*p + 7*p - 349. Determine o(-11).
-137
Suppose -5*c - 3*r - 12 = -2*r, 3*c + 2*r + 10 = 0. Let t be (c - (-10)/4)*-8. Let l(a) = a - 973 + 531 + 220 + 222. Determine l(t).
-4
Let f(x) be the second derivative of -2 + 1/3*x**3 - 1/2*x**2 + 9*x. Let o be 2/(-2)*1 + -1. What is f(o)?
-5
Let f(b) = -b - 6. Let l = -351 + 356. Let j = 2 + l. What is f(j)?
-13
Let b = -682 - -1180. Let x(k) = -b*k**3 + 2*k**2 + 0*k**2 + 528*k**3 - 1 + 0. Calculate x(1).
31
Let d(x) = 5*x**2 - 3. Let o(r) = 28*r**2 + r - 18. Let i(b) = -13*d(b) + 2*o(b). What is i(-2)?
-37
Let b(d) be the second derivative of 44*d**3/3 + d**2/2 + 17*d + 16. What is b(1)?
89
Let v(n) = -1008 - 1004 + 0*n**2 + 3*n + 2011 - 2*n**2. Give v(-3).
-28
Suppose 0 = 36*b - 143*b - 803 - 160. Let v(x) = x + 7. What is v(b)?
-2
Let g(u) be the first derivative of 107 + 50*u - 26 - 42*u + u**2. What is g(6)?
20
Let x(z) = 632*z - 1953*z + 636*z + 658*z - 55. What is x(-2)?
-1
Let h(k) = 183*k - 7884. Let t be h(43). Let q(g) = 1. Let j(z) = -z**3 - 16*z**2 - 13*z + 34. Let c(s) = -j(s) + 2*q(s). Give c(t).
-2
Let y(r) = -r**3 - 17*r**2 + 20*r + 20. Suppose 23*d - 68*d - 583 = 227. Determine y(d).
-16
Let g(m) = -37 + 123 + 29 + 137 - 56*m + 19*m. What is g(7)?
-7
Let x(c) = -7 - 106*c + 4*c**2 - c**3 - 98*c + 316*c - 105*c. Suppose -2*a + 30 = -0*a. Let f = a + -10. Calculate x(f).
3
Let f(q) be the second derivative of 1/20*q**5 + 5/2*q**2 + 20*q + 7/12*q**4 + 0 + 3/2*q**3. Let y be f(-2). Let b(h) = -h**3 + 7*h**2 - h + 5. What is b(y)?
-2
Let g(j) = j**3 + 6*j**2 - 3*j + 3. Let w = 4 + 18. Let t(p) = -12*p + 3*p**2 - p + 5*p**3 + w*p**2 - p**2 + 11. Let u(r) = -9*g(r) + 2*t(r). Give u(6).
1
Let y(c) = -105*c**3 + 77*c**2 - 302*c - 46. Let j(o) = -37*o**3 + 26*o**2 - 101*o - 15. Let f(t) = -17*j(t) + 6*y(t). What is f(12)?
-9
Let c(t) = -t + 3. Let a(z) = z - 13. Let b be a(15). S